{"id":47,"date":"2016-05-03T17:10:57","date_gmt":"2016-05-03T17:10:57","guid":{"rendered":"http:\/\/fcoffenbuettel.de\/wp\/?page_id=47"},"modified":"2025-09-01T11:54:40","modified_gmt":"2025-09-01T11:54:40","slug":"vorstand","status":"publish","type":"page","link":"https:\/\/www.fco68.de\/?page_id=47","title":{"rendered":"Vorstand"},"content":{"rendered":"<p><strong>1. Vorsitzende:<\/strong><\/p>\n<p>Jennifer Husen<\/p>\n<hr \/>\n<p><strong>2. Vorsitzender:<\/strong><\/p>\n<p>Bj\u00f6rn Lahrsen<\/p>\n<hr \/>\n<p><strong>Kassenwartin<\/strong><\/p>\n<p>Karin Ruge<\/p>\n<hr \/>\n<p><strong>Teammanager<\/strong><\/p>\n<p>Klemens Kr\u00fcger<\/p>\n<hr \/>\n<p><strong>Geb\u00e4ude- und Anlagenmanager<\/strong><\/p>\n<p>Bj\u00f6rn Husen<\/p>\n<hr \/>\n<p><strong>Schriftf\u00fchrerin:<\/strong><\/p>\n<p>Meike Mischke<\/p>\n<hr \/>\n<p><strong>Fu\u00dfballobmann:<\/strong><\/p>\n<p>Paul Janns<\/p>\n<p>01621983486<\/p>\n<hr \/>\n<p><strong>Tischtennisobmann:<\/strong><\/p>\n<p><img loading=\"lazy\" decoding=\"async\" class=\"alignnone wp-image-680\" src=\"http:\/\/fcoffenbuettel.de\/wp\/wp-content\/uploads\/2016\/05\/timm-300x300.png\" alt=\"timm\" width=\"150\" height=\"150\" srcset=\"https:\/\/www.fco68.de\/wp-content\/uploads\/2016\/05\/timm-300x300.png 300w, https:\/\/www.fco68.de\/wp-content\/uploads\/2016\/05\/timm-150x150.png 150w, https:\/\/www.fco68.de\/wp-content\/uploads\/2016\/05\/timm.png 466w\" sizes=\"auto, (max-width: 150px) 85vw, 150px\" \/><\/p>\n<p>Timm Blohm<\/p>\n<hr \/>\n<p><strong>Altligaobmann<\/strong><\/p>\n<p>Eike Feldhusen<\/p>\n","protected":false},"excerpt":{"rendered":"<p>1. Vorsitzende: Jennifer Husen 2. Vorsitzender: Bj\u00f6rn Lahrsen Kassenwartin Karin Ruge Teammanager Klemens Kr\u00fcger Geb\u00e4ude- und Anlagenmanager Bj\u00f6rn Husen Schriftf\u00fchrerin: Meike Mischke Fu\u00dfballobmann: Paul Janns 01621983486 Tischtennisobmann: Timm Blohm Altligaobmann Eike Feldhusen<\/p>\n","protected":false},"author":1,"featured_media":0,"parent":0,"menu_order":0,"comment_status":"closed","ping_status":"closed","template":"","meta":{"footnotes":""},"class_list":["post-47","page","type-page","status-publish","hentry"],"_links":{"self":[{"href":"https:\/\/www.fco68.de\/index.php?rest_route=\/wp\/v2\/pages\/47","targetHints":{"allow":["GET"]}}],"collection":[{"href":"https:\/\/www.fco68.de\/index.php?rest_route=\/wp\/v2\/pages"}],"about":[{"href":"https:\/\/www.fco68.de\/index.php?rest_route=\/wp\/v2\/types\/page"}],"author":[{"embeddable":true,"href":"https:\/\/www.fco68.de\/index.php?rest_route=\/wp\/v2\/users\/1"}],"replies":[{"embeddable":true,"href":"https:\/\/www.fco68.de\/index.php?rest_route=%2Fwp%2Fv2%2Fcomments&post=47"}],"version-history":[{"count":17,"href":"https:\/\/www.fco68.de\/index.php?rest_route=\/wp\/v2\/pages\/47\/revisions"}],"predecessor-version":[{"id":4406,"href":"https:\/\/www.fco68.de\/index.php?rest_route=\/wp\/v2\/pages\/47\/revisions\/4406"}],"wp:attachment":[{"href":"https:\/\/www.fco68.de\/index.php?rest_route=%2Fwp%2Fv2%2Fmedia&parent=47"}],"curies":[{"name":"wp","href":"https:\/\/api.w.org\/{rel}","templated":true}]}}

<p><strong>1. Vorsitzende:</strong></p>
<p>Jennifer Husen</p>
<hr />
<p><strong>2. Vorsitzender:</strong></p>
<p>Björn Lahrsen</p>
<hr />
<p><strong>Kassenwartin</strong></p>
<p>Karin Ruge</p>
<hr />
<p><strong>Teammanager</strong></p>
<p>Klemens Krüger</p>
<hr />
<p><strong>Gebäude- und Anlagenmanager</strong></p>
<p>Björn Husen</p>
<hr />
<p><strong>Schriftführerin:</strong></p>
<p>Meike Mischke</p>
<hr />
<p><strong>Fußballobmann:</strong></p>
<p>Paul Janns</p>
<p>01621983486</p>
<hr />
<p><strong>Tischtennisobmann:</strong></p>
<p><img loading="lazy" decoding="async" class="alignnone wp-image-680" src="http://fcoffenbuettel.de/wp/wp-content/uploads/2016/05/timm-300x300.png" alt="timm" width="150" height="150" srcset="https://www.fco68.de/wp-content/uploads/2016/05/timm-300x300.png 300w, https://www.fco68.de/wp-content/uploads/2016/05/timm-150x150.png 150w, https://www.fco68.de/wp-content/uploads/2016/05/timm.png 466w" sizes="auto, (max-width: 150px) 85vw, 150px" /></p>
<p>Timm Blohm</p>
<hr />
<p><strong>Altligaobmann</strong></p>
<p>Eike Feldhusen</p>

<p>1. Vorsitzende: Jennifer Husen 2. Vorsitzender: Björn Lahrsen Kassenwartin Karin Ruge Teammanager Klemens Krüger Gebäude- und Anlagenmanager Björn Husen Schriftführerin: Meike Mischke Fußballobmann: Paul Janns 01621983486 Tischtennisobmann: Timm Blohm Altligaobmann Eike Feldhusen</p>
